{"id":32019,"date":"2024-03-14T10:06:15","date_gmt":"2024-03-14T09:06:15","guid":{"rendered":"https:\/\/linstablephoto.fr\/wp-content\/uploads\/2022\/09\/dar-bouidar-4.jpg"},"modified":"2026-01-17T01:36:15","modified_gmt":"2026-01-17T00:36:15","slug":"village-dar-boudar-marrakech-5-2","status":"inherit","type":"attachment","link":"https:\/\/jm-landon.com\/en\/?attachment_id=32019","title":{"rendered":"Village Dar Boudar &#8211; Marrakech"},"author":19954,"featured_media":0,"comment_status":"closed","ping_status":"closed","template":"","meta":{"site-sidebar-layout":"default","site-content-layout":"","ast-site-content-layout":"default","site-content-style":"default","site-sidebar-style":"default","ast-global-header-display":"","ast-banner-title-visibility":"","ast-main-header-display":"","ast-hfb-above-header-display":"","ast-hfb-below-header-display":"","ast-hfb-mobile-header-display":"","site-post-title":"","ast-breadcrumbs-content":"","ast-featured-img":"","footer-sml-layout":"","ast-disable-related-posts":"","theme-transparent-header-meta":"","adv-header-id-meta":"","stick-header-meta":"","header-above-stick-meta":"","header-main-stick-meta":"","header-below-stick-meta":"","astra-migrate-meta-layouts":"default","ast-page-background-enabled":"default","ast-page-background-meta":{"desktop":{"background-color":"var(--ast-global-color-4)","background-image":"","background-repeat":"repeat","background-position":"center center","background-size":"auto","background-attachment":"scroll","background-type":"","background-media":"","overlay-type":"","overlay-color":"","overlay-opacity":"","overlay-gradient":""},"tablet":{"background-color":"","background-image":"","background-repeat":"repeat","background-position":"center center","background-size":"auto","background-attachment":"scroll","background-type":"","background-media":"","overlay-type":"","overlay-color":"","overlay-opacity":"","overlay-gradient":""},"mobile":{"background-color":"","background-image":"","background-repeat":"repeat","background-position":"center center","background-size":"auto","background-attachment":"scroll","background-type":"","background-media":"","overlay-type":"","overlay-color":"","overlay-opacity":"","overlay-gradient":""}},"ast-content-background-meta":{"desktop":{"background-color":"var(--ast-global-color-5)","background-image":"","background-repeat":"repeat","background-position":"center center","background-size":"auto","background-attachment":"scroll","background-type":"","background-media":"","overlay-type":"","overlay-color":"","overlay-opacity":"","overlay-gradient":""},"tablet":{"background-color":"var(--ast-global-color-5)","background-image":"","background-repeat":"repeat","background-position":"center center","background-size":"auto","background-attachment":"scroll","background-type":"","background-media":"","overlay-type":"","overlay-color":"","overlay-opacity":"","overlay-gradient":""},"mobile":{"background-color":"var(--ast-global-color-5)","background-image":"","background-repeat":"repeat","background-position":"center center","background-size":"auto","background-attachment":"scroll","background-type":"","background-media":"","overlay-type":"","overlay-color":"","overlay-opacity":"","overlay-gradient":""}}},"class_list":["post-32019","attachment","type-attachment","status-inherit","hentry"],"description":{"rendered":"<p class=\"attachment\"><a href='https:\/\/jm-landon.com\/wp-content\/uploads\/2022\/09\/dar-bouidar-4.jpg'><img fetchpriority=\"high\" decoding=\"async\" width=\"300\" height=\"200\" src=\"https:\/\/jm-landon.com\/wp-content\/uploads\/2022\/09\/dar-bouidar-4-300x200.jpg\" class=\"attachment-medium size-medium\" alt=\"\" srcset=\"https:\/\/jm-landon.com\/wp-content\/uploads\/2022\/09\/dar-bouidar-4-300x200.jpg 300w, https:\/\/jm-landon.com\/wp-content\/uploads\/2022\/09\/dar-bouidar-4-768x512.jpg 768w, https:\/\/jm-landon.com\/wp-content\/uploads\/2022\/09\/dar-bouidar-4-600x400.jpg 600w, https:\/\/jm-landon.com\/wp-content\/uploads\/2022\/09\/dar-bouidar-4.jpg 800w\" sizes=\"(max-width: 300px) 100vw, 300px\" \/><\/a><\/p>\n"},"caption":{"rendered":"<p>Village d&#8217;orphelins, DAR BOUDAR, Maroc, marrakech, Orpheins, Atlas Kinder, association, les enfants de l&#8217;Atlas, photo, photographie, noir et blanc, photographie noir et blanc, photographie sociale, photographie humaniste, humaniste, street scene, street, street photography, enfants abandonn\u00e9es, childs, \u00e9cole, transport scolaire, \u00e9cole Maroc,<\/p>\n"},"alt_text":"","media_type":"image","mime_type":"image\/jpeg","media_details":{"width":800,"height":533,"file":"2022\/09\/dar-bouidar-4.jpg","filesize":136700,"sizes":{"medium":{"file":"dar-bouidar-4-300x200.jpg","width":300,"height":200,"filesize":29168,"mime_type":"image\/jpeg","source_url":"https:\/\/jm-landon.com\/wp-content\/uploads\/2022\/09\/dar-bouidar-4-300x200.jpg"},"thumbnail":{"file":"dar-bouidar-4-150x150.jpg","width":150,"height":150,"filesize":23253,"mime_type":"image\/jpeg","source_url":"https:\/\/jm-landon.com\/wp-content\/uploads\/2022\/09\/dar-bouidar-4-150x150.jpg"},"medium_large":{"file":"dar-bouidar-4-768x512.jpg","width":768,"height":512,"filesize":63304,"mime_type":"image\/jpeg","source_url":"https:\/\/jm-landon.com\/wp-content\/uploads\/2022\/09\/dar-bouidar-4-768x512.jpg"},"woolementor-thumb":{"file":"dar-bouidar-4-400x400.jpg","width":400,"height":400,"filesize":41380,"mime_type":"image\/jpeg","source_url":"https:\/\/jm-landon.com\/wp-content\/uploads\/2022\/09\/dar-bouidar-4-400x400.jpg"},"woocommerce_thumbnail":{"file":"dar-bouidar-4-600x400.jpg","width":600,"height":400,"filesize":49629,"uncropped":true,"mime_type":"image\/jpeg","source_url":"https:\/\/jm-landon.com\/wp-content\/uploads\/2022\/09\/dar-bouidar-4-600x400.jpg"},"woocommerce_gallery_thumbnail":{"file":"dar-bouidar-4-100x100.jpg","width":100,"height":100,"filesize":20867,"mime_type":"image\/jpeg","source_url":"https:\/\/jm-landon.com\/wp-content\/uploads\/2022\/09\/dar-bouidar-4-100x100.jpg"},"full":{"file":"dar-bouidar-4.jpg","width":800,"height":533,"mime_type":"image\/jpeg","source_url":"https:\/\/jm-landon.com\/wp-content\/uploads\/2022\/09\/dar-bouidar-4.jpg"}},"image_meta":{"aperture":"2.8","credit":"Landon Jean-Michel","camera":"X-T3","caption":"Village d'orphelins, DAR BOUDAR, Maroc, marrakech, Orpheins, Atlas Kinder, association, les enfants de l'Atlas, photo, photographie, noir et blanc, photographie noir et blanc, photographie sociale, photographie humaniste, humaniste, street scene, street, street photography, enfants abandonn\u00e9es, childs, \u00e9cole, transport scolaire, \u00e9cole Maroc,","created_timestamp":"1634890012","copyright":"@Landon Jean-Michel","focal_length":"18.8","iso":"800","shutter_speed":"0.008","title":"Village Dar Boudar - Marrakech","orientation":"1","keywords":["Village d'orphelins","DAR BOUDAR","Maroc","marrakech","Orpheins","Atlas Kinder","association","les enfants de l'Atlas","photo","photographie","noir et blanc","photographie noir et blanc","photographie sociale","photographie humaniste","humaniste","street scene","street","street photography","enfants abandonn\u00e9es","childs","\u00e9cole","transport scolaire","\u00e9cole Maroc"]}},"post":34463,"source_url":"https:\/\/jm-landon.com\/wp-content\/uploads\/2022\/09\/dar-bouidar-4.jpg","_links":{"self":[{"href":"https:\/\/jm-landon.com\/en\/wp-json\/wp\/v2\/media\/32019","targetHints":{"allow":["GET"]}}],"collection":[{"href":"https:\/\/jm-landon.com\/en\/wp-json\/wp\/v2\/media"}],"about":[{"href":"https:\/\/jm-landon.com\/en\/wp-json\/wp\/v2\/types\/attachment"}],"author":[{"embeddable":true,"href":"https:\/\/jm-landon.com\/en\/wp-json\/wp\/v2\/users\/19954"}],"replies":[{"embeddable":true,"href":"https:\/\/jm-landon.com\/en\/wp-json\/wp\/v2\/comments?post=32019"}]}}

<p>Village d&#8217;orphelins, DAR BOUDAR, Maroc, marrakech, Orpheins, Atlas Kinder, association, les enfants de l&#8217;Atlas, photo, photographie, noir et blanc, photographie noir et blanc, photographie sociale, photographie humaniste, humaniste, street scene, street, street photography, enfants abandonnées, childs, école, transport scolaire, école Maroc,</p>

Village d'orphelins, DAR BOUDAR, Maroc, marrakech, Orpheins, Atlas Kinder, association, les enfants de l'Atlas, photo, photographie, noir et blanc, photographie noir et blanc, photographie sociale, photographie humaniste, humaniste, street scene, street, street photography, enfants abandonnées, childs, école, transport scolaire, école Maroc,

enfants abandonnées

école

école Maroc
